is divided by 74.
1
Calculate the remainder when 13398 is divided by 3.
0
Calculate the remainder when 45250 is divided by 124.
114
What is the remainder when 28072 is divided by 5?
2
Calculate the remainder when 338292 is divided by 15.
12
What is the remainder when 23559 is divided by 7840?
39
Calculate the remainder when 19979 is divided by 9941.
97
What is the remainder when 3255 is divided by 1159?
937
Calculate the remainder when 75634 is divided by 25210.
4
Calculate the remainder when 17627 is divided by 78.
77
What is the remainder when 18037 is divided by 907?
804
What is the remainder when 1985 is divided by 295?
215
Calculate the remainder when 11167 is divided by 1257.
1111
Calculate the remainder when 216821 is divided by 49.
45
Calculate the remainder when 4540 is divided by 266.
18
Calculate the remainder when 30591 is divided by 29.
25
Calculate the remainder when 2711 is divided by 246.
5
Calculate the remainder when 14201 is divided by 112.
89
What is the remainder when 3862 is divided by 1282?
16
Calculate the remainder when 1452 is divided by 56.
52
Calculate the remainder when 13296 is divided by 62.
28
What is the remainder when 443591 is divided by 1613?
16
What is the remainder when 72203 is divided by 2253?
107
Calculate the remainder when 44327 is divided by 16.
7
What is the remainder when 619 is divided by 28?
3
What is the remainder when 14921 is divided by 162?
17
What is the remainder when 27675 is divided by 13827?
21
Calculate the remainder when 12968 is divided by 2159.
14
What is the remainder when 13536 is divided by 29?
22
What is the remainder when 61749 is divided by 249?
246
Calculate the remainder when 440986 is divided by 147.
133
Calculate the remainder when 65339 is divided by 20.
19
Calculate the remainder when 2102 is divided by 39.
35
What is the remainder when 77614 is divided by 144?
142
What is the remainder when 18875 is divided by 855?
65
Calculate the remainder when 1678 is divided by 53.
35
What is the remainder when 399138 is divided by 35?
33
What is the remainder when 12350 is divided by 12?
2
Calculate the remainder when 277584 is divided by 2152.
2128
What is the remainder when 31574 is divided by 808?
62
What is the remainder when 12369 is divided by 36?
21
What is the remainder when 26956 is divided by 26929?
27
Calculate the remainder when 12103 is divided by 12091.
12
What is the remainder when 9356 is divided by 547?
57
Calculate the remainder when 12694 is divided by 6.
4
What is the remainder when 8325 is divided by 44?
9
Calculate the remainder when 265975 is divided by 7.
3
What is the remainder when 43 is divided by 17?
9
Calculate the remainder when 25002 is divided by 12500.
2
What is the remainder when 64043 is divided by 51?
38
Calculate the remainder when 111561 is divided by 1412.
13
What is the remainder when 2762 is divided by 212?
6
What is the remainder when 19699 is divided by 19684?
15
What is the remainder when 131449 is divided by 730?
49
What is the remainder when 3797 is divided by 1245?
62
What is the remainder when 4416 is divided by 177?
168
What is the remainder when 9988 is divided by 181?
33
What is the remainder when 36637 is divided by 1263?
10
Calculate the remainder when 1236 is divided by 916.
320
What is the remainder when 3631 is divided by 192?
175
What is the remainder when 384598 is divided by 329?
326
Calculate the remainder when 349284 is divided by 392.
12
Calculate the remainder when 16523 is divided by 190.
183
Calculate the remainder when 16716 is divided by 190.
186
What is the remainder when 3162 is divided by 63?
12
Calculate the remainder when 53352 is divided by 37.
35
What is the remainder when 5087 is divided by 1112?
639
Calculate the remainder when 1566 is divided by 19.
8
What is the remainder when 1423 is divided by 39?
19
What is the remainder when 271793 is divided by 97?
96
Calculate the remainder when 816 is divided by 195.
36
What is the remainder when 73372 is divided by 14671?
17
Calculate the remainder when 3548 is divided by 1374.
800
Calculate the remainder when 4429 is divided by 1462.
43
What is the remainder when 55005 is divided by 203?
195
What is the remainder when 12779 is divided by 183?
152
Calculate the remainder when 826352 is divided by 94.
92
What is the remainder when 4244 is divided by 154?
86
What is the remainder when 821260 is divided by 117320?
20
What is the remainder when 171291 is divided by 6117?
15
Calculate the remainder when 26511 is divided by 8653.
552
Calculate the remainder when 7101 is divided by 1603.
689
Calculate the remainder when 18424 is divided by 1226.
34
What is the remainder when 1564 is divided by 438?
250
Calculate the remainder when 1047490 is divided by 732.
730
What is the remainder when 104267 is divided by 1320?
1307
What is the remainder when 8015 is divided by 1998?
23
What is the remainder when 9880 is divided by 123?
40
What is the remainder when 6365 is divided by 550?
315
What is the remainder when 5158 is divided by 515?
8
What is the remainder when 1732988 is divided by 5?
3
Calculate the remainder when 5274 is divided by 7.
3
Calculate the remainder when 329419 is divided by 581.
573
What is the remainder when 2386 is divided by 238?
6
Calculate the remainder when 249738 is divided by 4094.
4
Calculate the remainder when 2095 is divided by 576.
367
Calculate the remainder when 978 is divided by 339.
300
Calculate the remainder when 112568 is divided by 86.
80
What is the remainder when 82764 is divided by 53?
31
Calculate the remainder when 10895 is divided by 41.
30
What is the remainder when 10154 is divided by 407?
386
Calculate the remainder when 15416 is divided by 394.
50
Calculate the remainder when 98670 is divided by 165.
0
Calculate the remainder when 60333 is divided by 10023.
195
Calculate the remainder when 5842 is divided by 181.
50
What is the remainder when 165161 is divided by 33?
29
Calculate the remainder when 26532 is divided by 13.
12
What is the remainder when 6314 is divided by 40?
34
What is the remainder when 170876 is divided by 791?
20
What is the remainder when 199478 is divided by 2978?
2930
Calculate the remainder when 55203 is divided by 18.
15
What is the remainder when 15348 is divided by 351?
255
Calculate the remainder when 50356 is divided by 1747.
1440
Calculate the remainder when 607048 is divided by 184.
32
What is the remainder when 72850 is divided by 52?
50
Calculate the remainder when 2386 is divided by 2.
0
What is the remainder when 7000 is divided by 320?
280
Calculate the remainder when 195226 is divided by 87.
85
What is the remainder when 1457 is divided by 1?
0
What is the remainder when 195431 is divided by 596?
539
Calculate the remainder when 338278 is divided by 27.
22
What is the remainder when 173447 is divided by 702?
53
Calculate the remainder when 2584 is divided by 71.
28
What is the remainder when 37030 is divided by 208?
6
What is the remainder when 75985 is divided by 11?
8
What is the remainder when 2296 is divided by 336?
280
Calculate the remainder when 1249024 is divided by 2624.
0
Calculate the remainder when 10460 is divided by 1116.
416
Calculate the remainder when 1227 is divided by 410.
407
What is the remainder when 8053 is divided by 95?
73
What is the remainder when 138399 is divided by 526?
61
What is the remainder when 11931 is divided by 1324?
15
What is the remainder when 2399 is divided by 780?
59
What is the remainder when 3455 is divided by 84?
11
What is the remainder when 43831 is divided by 95?
36
Calculate the remainder when 18420 is divided by 63.
24
What is the remainder when 20247 is divided by 1129?
1054
Calculate the remainder when 19935 is divided by 4977.
27
What is the remainder when 2368493 is divided by 46?
45
Calculate the remainder when 38314 is divided by 97.
96
Calculate the remainder when 201955 is divided by 120.
115
Calculate the remainder when 94729 is divided by 7893.
13
Calculate the remainder when 1080 is divided by 182.
170
Calculate the remainder when 39145 is divided by 134.
17
What is the remainder when 996092 is divided by 768?
764
Calculate the remainder when 23807 is divided by 287.
273
Calculate the remainder when 2611 is divided by 196.
63
Ca